 8
-5401427
What is -415001 (base 6) in base 7?
-166420
What is ac9d5 (base 16) in base 7?
6003211
1313003140 (base 5) to base 9
6103657
10100100010100011111 (base 2) to base 12
2855bb
Convert -25341154 (base 6) to base 3.
-1112202111121
Convert -201a59 (base 11) to base 5.
-40342312
What is -1740ab1 (base 12) in base 10?
-4812325
What is -31055024 (base 6) in base 14?
-193b60
Convert 404175 (base 10) to base 3.
202112102110
-464a1 (base 12) to base 16
-16f39
-22040041 (base 6) to base 4
-2200233121
What is c41990 (base 14) in base 12?
226a5b6
What is -14292 (base 16) in base 10?
-82578
Convert 220a1 (base 12) to base 6.
544321
Convert 205d4 (base 15) to base 9.
165631
Convert -9832a (base 11) to base 5.
-14032222
3703ee (base 15) to base 9
4853308
What is 235202 (base 9) in base 15?
2be45
What is 9469ca (base 13) in base 3?
20112022222022
Convert 1414640 (base 11) to base 6.
124120032
-21302410 (base 5) to base 3
-100020010010
-18b6e (base 16) to base 7
-601063
Convert -616251 (base 8) to base 12.
-9a035
Convert -58a6b (base 16) to base 7.
-3041434
Convert -27867a (base 11) to base 8.
-1523522
-126c44b (base 13) to base 11
-328a533
What is 34323 (base 5) in base 10?
2463
Convert 21111012011110 (base 3) to base 14.
7584a7
What is 100010001001111000110 (base 2) in base 11?
6a4941
Convert -393828 (base 14) to base 13.
-53c327
Convert -1020413234 (base 5) to base 16.
-2064c0
21222 (base 10) to base 14
7a3c
Convert 32556 (base 10) to base 8.
77454
-1221011 (base 3) to base 16
-580
Convert -4431362 (base 8) to base 9.
-2217051
-117108 (base 15) to base 14
-179c54
What is -303304011 (base 5) in base 3?
-2022102100212
Convert -110202001210100 (base 3) to base 11.
-3906108
What is 101110010113 (base 4) in base 6?
241140131
What is -1021120 (base 4) in base 10?
-4696
-66747 (base 16) to base 14
-acd15
10221440232 (base 5) to base 8
50744371
What is -4314443242 (base 5) in base 2?
-100010110111100011011111
What is 1100010111111010010101 (base 2) in base 16?
317e95
Convert -568ab5 (base 13) to base 16.
-1f3d0d
What is b9bbaa (base 15) in base 2?
100001110000010001111110
-1425232 (base 11) to base 5
-1111430404
1127a2a (base 11) to base 16
1e18e5
What is ddde8 (base 15) in base 16?
ac277
What is -1c493 (base 15) in base 4?
-112200003
Convert -2640173 (base 8) to base 7.
-6160602
-60f9a (base 16) to base 3
-202011212111
What is -20020 (base 16) in base 11?
-8a556
What is 4433432 (base 5) in base 3?
10221010110
Convert 100130300203 (base 4) to base 12.
153b517
Convert -12000223423 (base 5) to base 10.
-13679863
-243b76b (base 12) to base 5
-3301041403
What is -43dc0 (base 16) in base 6?
-5542452
2312003311 (base 4) to base 2
10110110000011110101
7828534 (base 11) to base 14
1b75879
-1764541 (base 11) to base 2
-1011011010101001100010
Convert 240434434 (base 5) to base 11.
69801a
-3663441 (base 7) to base 10
-469449
Convert aa772 (base 12) to base 4.
313013012
What is -33102303 (base 4) in base 13?
-22689
What is 2050508 (base 11) in base 14?
6a21ac
Convert -3511318 (base 11) to base 4.
-113122013210
Convert -4d1261 (base 14) to base 2.
-1010000111111011100101
What is -2212222210000 (base 3) in base 5?
-343110422
-31550320 (base 6) to base 16
-e3868
What is -133773 (base 11) in base 3?
-101122220212
What is 12615355 (base 8) in base 10?
2824941
Convert 653a5 (base 13) to base 7.
1361336
Convert -2b998a (base 15) to base 13.
-58a73a
-11340412103 (base 5) to base 16
-c9ab10
What is 212022110111 (base 3) in base 16?
7007e
What is -5672bc (base 15) in base 9?
-7676236
-11011111101001111000 (base 2) to base 12
-382188
Convert -32033301213 (base 4) to base 3.
-21000201221200
Convert 700a (base 16) to base 3.
1110100022
Convert -5002425 (base 9) to base 15.
-377cc5
Convert 1003010 (base 4) to base 8.
10304
-212000112 (base 3) to base 4
-10012031
Convert 4db363 (base 15) to base 13.
a094a9
12012021201 (base 3) to base 6
2105244
What is 46b72 (base 13) in base 3?
20120110210
What is -64377 (base 12) in base 4?
-200030023
-40974 (base 16) to base 13
-93561
Convert 130343422 (base 6) to base 10.
2548742
-186847 (base 9) to base 16
-1c77a
Convert -1131514 (base 7) to base 12.
-6a3aa
-2471281 (base 12) to base 4
-123020331001
-1057324 (base 9) to base 15
-b3b94
5063564 (base 7) to base 14
11a16b
Convert -3226633 (base 7) to base 9.
-660087
What is 20122210220111 (base 3) in base 7?
42040306
What is 48317 (base 12) in base 3?
11221100201
-107507 (base 9) to base 14
-1975a
-2321013 (base 6) to base 4
-131022201
-3433505 (base 9) to base 5
-433242144
What is -141a923 (base 13) in base 8?
-30215636
Convert -534226 (base 7) to base 2.
-10110101000111000
What is -1011000100010011001011 (base 2) in base 9?
-5411620
Convert 88bb (base 15) to base 13.
1025c
56a98 (base 15) to base 14
726da
Convert -182388 (base 9) to base 8.
-335246
Convert 86379 (base 14) to base 2.
1001111001110000111
Convert -159493 (base 12) to base 16.
-5a06f
11111100010111 (base 2) to base 16
3f17
11203131032 (base 4) to base 11
904971
Convert -561544 (base 8) to base 12.
-91658
5412331 (base 7) to base 4
2200310221
What is 110211022210201 (base 3) in base 8?
32001740
-11130003 (base 4) to base 15
-6900
12334124 (base 5) to base 4
131211030
What is -9b704 (base 14) in base 16?
-5c1d8
Convert -42333 (base 10) to base 4.
-22111131
Convert 14212431 (base 7) to base 5.
320043213
What is -611b27 (base 14) in base 13?
-8a66b2
Convert -13301020123 (base 4) to base 7.
-23210410
What is -7917448 (base 10) in base 16?
-78cf88
Convert -1253d7 (base 16) to base 8.
-4451727
-cb2e (base 15) to base 8
-124013
Convert 1000020122 (base 3) to base 8.
46626
Convert 211303043 (base 5) to base 7.
10343341
What is -220323232 (base 4) in base 14?
-4515c
Convert -987d7 (base 15) to base 7.
-4055152
What is 116874 (base 10) in base 3?
12221022200
Convert -10334221414 (base 5) to base 9.
-23134242
44418a (base 11) to base 5
140131221
What is 12905a (base 13) in base 12?
1974b3
What is -1460741 (base 9) in base 13?
-223798
101001101100011101001 (base 2) to base 4
11031203221
312452452 (base 6) to base 13
118aa2c
What is -435113331 (base 6) in base 12?
-2742847
What is -7212020 (base 8) in base 13?
-51952a
a0d31 (base 16) to base 4
2200310301
Convert 1a038 (base 11) to base 12.
14248
-2142303 (base 5) to base 7
-213315
Convert -93630 (base 12) to base 6.
-4044100
Convert -3144461 (base 7) to base 6.
-12055425
-224597 (base 13) to base 10
-809465
Convert -3264857 (base 9) to base 12.
-707a37
Convert -44104b (base 16) to base 3.
-22101121211010
8765 (base 14) to base 4
11231311
-1ab36 (base 12) to base 14
-10638
What is -18bc271 (base 14) in base 3?
-212010022010200
What is -112201101110010 (base 3) in base 15?
-a47863
What is -1290b3d (base 14) in base 13?
-1b16220
What is -1323011230 (base 4) in base 8?
-1730554
What is -232331 (base 8) in base 14?
-20b57
What is -718021 (base 10) in base 9?
-1313841
-12b4df (base 16) to base 10
-1225951
Convert -2641829 (base 12) to base 8.
-34633541
-1089b8 (base 13) to base 4
-1133112031
Convert 2210011102 (base 3) to base 9.
83142
What is -512650 (base 7) in base 12?
-42737
Convert 10101011100101010011011 (base 2) to base 9.
11518461
-10120220212100 (base 3) to base 13
-51a419
23132033 (base 5) to base 15
41b2d
420543435 (base 6) to base 16
6fbe4f
1700350 (base 10) to base 5
413402400
Convert -2284a2a (base 11) to base 2.
-1111001101110110110110
51b1b (base 15) to base 9
434248
Convert 9b32aa (base 16) to base 8.
46631252
Convert 10120120000210 (base 3) to base 7.
22103613
What is 763b5 (base 15) in base 2?
1011011101010101110
-331332000 (base 4) to base 15
-50319
Convert -185373 (base 11) to base 4.
-1011221131
Convert -1001011000111110110 (base 2) to base 16.
-4b1f6
What is 1997892 (base 11) in base 7?
40405114
What is 41404313 (base 5) in base 14?
8c4c0
1100122100012 (base 3) to base 16
b014d
123333103 (base 4) to base 6
2242431
-294da9 (base 15) to base 3
-10202011002020
Convert 404300 (base 5) to base 6.
140311
1330112003 (base 4) to base 14
d3879
What is -12440130420 (base 5) in base 8?
-73246761
What is 21400331 (base 6) in base 2?
10011011101100111111
What is -38b2a16 (base 12) in base 13?
-2416656
What is 171400 (base 12) in base 3?
202010121100
-404445343 (base 6) to base 5
-3234130